(-56) + 133/4.
3, 11
Let n(b) = b**3 - 8*b**2 - 2*b - 29. List the prime factors of n(12).
523
Let h(t) be the second derivative of 7*t**4/3 - t**3 + 7*t**2/2 + 10*t. What are the prime factors of h(2)?
107
Let j(o) be the first derivative of o**2/2 + 7*o - 5. Let y be j(-5). Let h = 11 + y. List the prime factors of h.
13
Suppose -4*y + 159 = 3*q, -y + 21 + 23 = 5*q. Let b = y - -57. What are the prime factors of b?
2, 3
Suppose -3*s = 2*s - 170. Let x(t) = -8 + 0 - 3 + t**3 + 10*t**2 - s*t + 41*t. List the prime factors of x(-8).
61
Suppose 21 = 7*c + 7. List the prime factors of (-4 - (-5 + c)) + 24.
23
Let b = -22 - -39. Let r = b - 7. Suppose -2*d + 3*g + g = -18, -d + 3*g = -r. List the prime factors of d.
7
Let z = 12 + -8. Suppose -5*f = 2*m + 21, -z*m = -f - 7 - 6. What are the prime factors of ((-125)/10)/(m/(-4))?
5
Let n be ((-320)/(-12) + -4)/((-1)/(-6)). Suppose w = -w + n. List the prime factors of w.
2, 17
Suppose -4*i + 7*i + 9 = 0. Let c(p) = 12*p**2 - 6*p - 12. List the prime factors of c(i).
2, 3, 19
Let q = -23 - -23. Suppose 0 = 3*g + 5*h - 114, h + h = q. List the prime factors of g.
2, 19
Suppose -5 = -12*n + 11*n. Suppose 3*b - 83 = 4*f, -n*b - 3*f + 69 = -2*b. What are the prime factors of b?
5
Let f be 0/(-6)*(1 + 0). Suppose 5*c - 4*u + u - 32 = f, 0 = -4*c - 4*u. Suppose 3*i = -6, -6*v + c*i + 18 = -v. What are the prime factors of v?
2
Suppose 5*r = 2 - 7. List the prime factors of (1/r)/((-1)/51).
3, 17
Suppose 4*p + p = 0. Suppose -5*i + 64 + 21 = p. What are the prime factors of i?
17
Suppose 4*s = -5*b + 41, 3*s - 2*b - 5 + 3 = 0. Suppose -35 = -3*m + s. Let u = 34 - m. What are the prime factors of u?
3, 7
Let l(o) = 4*o + 2. Suppose 5*u - 21 = -2*k, 0*u - 2*u + 18 = -4*k. Suppose 0 = -u*f - 5, -4*m + 3*f = 34 - 101. What are the prime factors of l(m)?
2, 3, 11
Suppose 4*y - 3642 = -4*x + 9*y, -2*y - 1820 = -2*x. What are the prime factors of x?
2, 227
Let r(t) = -t**2 + t. Suppose -9 + 6 = g. Let y be r(g). What are the prime factors of (-64)/y*27/2?
2, 3
Suppose 5*w + 5*o - 1640 = 0, 2*w = 5*w + 5*o - 974. List the prime factors of w.
3, 37
Suppose 0 = -0*w + 5*w - 560. Suppose -4*s - w = -3*u, 112 = -2*s - 2*s - 3*u. Let h = s - -37. List the prime factors of h.
3
Suppose -y + 65 = -255. List the prime factors of y.
2, 5
Let w = -31 - -33. Suppose w*o = -o - 5*b + 66, -3*o + 87 = -2*b. List the prime factors of o.
3
Let c(t) = -t**3 + 6*t**2 - 2*t + 12. Let y be c(6). Suppose y = -10*z + 8*z + 128. List the prime factors of z.
2
Let j(n) = n**2 - 3*n - 7. Let c be j(5). Suppose -18 = -u - 0*u - 4*z, u - 4 = c*z. List the prime factors of u.
2, 5
Suppose -6*c + 10*c = 8. Suppose c*t - 4*t - 614 = -3*o, -3*o - 4*t + 608 = 0. List the prime factors of o.
2, 3, 17
Let l(j) be the second derivative of 5*j**3/6 + j**2 + 2*j. Let a be l(8). Suppose -b - 15 = -a. List the prime factors of b.
3
Let o = 1084 - 716. Suppose 4*k - 2*k = o. Suppose 2*w + k = 4*r - 0*w, -125 = -3*r - 5*w. List the prime factors of r.
3, 5
Let m(o) = -5*o**2 + 6*o**2 + 48 - 1 + o**3 + 2*o. What are the prime factors of m(0)?
47
List the prime factors of 25/((-2)/3 - 110/(-150)).
3, 5
Let x be 4/16 + 239/4. Suppose 2 - x = -b. List the prime factors of b.
2, 29
Suppose 58*u - 425953 = -149467. List the prime factors of u.
3, 7, 227
Suppose 2*b - 4*b - 2*s - 12 = 0, -2*s = 4*b + 18. Let t(n) = -10*n + 14. List the prime factors of t(b).
2, 11
Suppose -41 = -8*o + 759. Let q = o + -35. List the prime factors of q.
5, 13
Let j(f) = 2*f - 11. Let n be j(8). Suppose 0 = -n*l + 192 - 67. Suppose -3*b + 4*h + 47 = 0, -3*b + l + 46 = 2*h. List the prime factors of b.
3, 7
Suppose -298 = k - 3*k. Suppose 0 = 4*v - 107 - k. List the prime factors of v.
2
Let q(y) = -y**3 + 2*y**2 + 9*y - 2. Let x be q(4). Suppose -x*w + 3*b = -72, 4*b = -4*w - b + 188. What are the prime factors of w?
2, 3, 7
Suppose 4*x = -20, 2*v - 5*v + 142 = -5*x. Suppose 2*y = -y - v. Let a = y + 38. What are the prime factors of a?
5
Suppose -2*s = 2*s + 8. What are the prime factors of s/(-3) - 248/(-6)?
2, 3, 7
Let h(d) = -d**2 - 12*d - 6. Let x be h(-11). Suppose 0 = -0*t + t + x. List the prime factors of 19*(-2 - t)/3.
19
Let u(i) = i**2 - 8*i + 10. Let b be u(7). Suppose 2*q + 66 = b*q. Let g = q - 25. What are the prime factors of g?
41
Let q = 306 - 1140. What are the prime factors of 12/(-21) - q/14?
59
What are the prime factors of ((-8)/(-6))/(18152/4536 + -4)?
2, 3, 7
Let d(x) = -x**2 - 23*x - 38*x + 32*x - 9. What are the prime factors of d(-7)?
5, 29
Suppose -3*a - 15 = 0, f - 695 = -4*a - 105. Suppose -598 = -5*j - 5*p + 4*p, f = 5*j - 5*p. List the prime factors of j.
2, 3, 5
Let m(q) = -62*q + 2. Let p be m(-5). Suppose -4*n - p = -1292. Suppose n + 75 = 5*b. List the prime factors of b.
2
Let z(m) = -m**2 - 3*m + 12. Let c be z(-5). Suppose h - 5*g = -c*g - 6, 3*g - 6 = -5*h. Suppose h = -3*n + 77 + 40. What are the prime factors of n?
3, 13
Let i = -247 - -465. What are the prime factors of i?
2, 109
Suppose 16 = -4*z - 8. List the prime factors of -4*(567/z)/3.
2, 3, 7
Let k(m) = m**3 - 17*m**2 + 12*m + 264. What are the prime factors of k(16)?
2, 5
Let h = 7 - 28. Suppose 0 = -9*f + 164 + 106. Let g = h + f. What are the prime factors of g?
3
Suppose 7 + 7 = 7*b. Suppose 5*t - 438 = b*t. Suppose -v + t = v. What are the prime factors of v?
73
Let y(w) = -172*w + 38. List the prime factors of y(-2).
2, 191
Let y(n) = -n + 19. Let t(v) = -v**2 - 5*v + 3. Let f be t(-5). Let b = 10 + f. What are the prime factors of y(b)?
2, 3
Let l = 92 + -194. Let m = 56 - l. What are the prime factors of m?
2, 79
Suppose 2*o - 3 = 5. List the prime factors of -6*(-2)/(o*3/42).
2, 3, 7
Let v = 32 + -32. Suppose 4*o - 4*l - 76 = v, -1 - 1 = -2*l. List the prime factors of o.
2, 5
Let s = 36 - 33. What are the prime factors of 222/(5 - s) - -3?
2, 3, 19
Let o = 21 + -14. Let d be (o + -6)*-1*5. What are the prime factors of (-1 - 32/10)*d?
3, 7
Suppose 204 = -4*u - 0*u. Let l = 9 + -32. Let m = l - u. What are the prime factors of m?
2, 7
Suppose 2*x = -4*y + 1160, -2*x + 4*y = -224 - 920. What are the prime factors of x?
2, 3
Let r(p) = -p**3 + 42*p**2 - 38*p - 72. What are the prime factors of r(40)?
2, 3, 67
What are the prime factors of (31270/5)/(-2 + 12/3)?
53, 59
Let b(n) = -7 + 5 - 11 + 9*n. List the prime factors of b(3).
2, 7
Let o = 24 + -20. Suppose 874 = n + n - 2*q, 4*n + o*q - 1708 = 0. Suppose -7*b + b = -n. List the prime factors of b.
2, 3
Suppose 6 = 3*o - 3. Suppose o*l = b - 89, -4*l - 11 = -4*b + 313. What are the prime factors of b?
7, 11
Let c(s) = s**3 + 12*s**2 - 2*s - 5. Suppose 8*p = 3*p - 60. List the prime factors of c(p).
19
Suppose -409 - 161 = 5*c. Let h = -59 - c. What are the prime factors of h?
5, 11
Let a = 34 - 39. List the prime factors of (4/((-16)/15))/(a/420).
3, 5, 7
Let k(i) = 8*i**3 - 8*i**2 - 14*i + 15. What are the prime factors of k(7)?
2269
Let f = 2 + 3. Let m be (0/f)/(2 - 1). Suppose m = -4*y - 40 + 172. List the prime factors of y.
3, 11
Let w(t) = t - 2. Let j(f) = -f**2 - 1. Let h(o) = -2*j(o) + w(o). Suppose -2*v = -5*v + 9. What are the prime factors of h(v)?
3, 7
Suppose 0 = -41*j + 69 + 13. What are the prime factors of j?
2
Let c(w) = 9 - 7*w + 2 + w + 0. What are the prime factors of c(-8)?
59
Suppose 2*i + 78 = -0*i + 4*u, -2*i - 46 = 4*u. Suppose 3*m - 86 - 71 = -4*c, 4*c = -2*m + 110. Let b = i + m. List the prime factors of b.
2
Let d(j) be the first derivative of -15*j**2 + 12*j + 6. Let i be d(-4). Suppose 4*p = -4*v + p + i, p = 4*v - 132. List the prime factors of v.
3, 11
Let p = -69 - -49. Let i = p - -32. Let n = 33 - i. What are the prime factors of n?
3, 7
Suppose -d + 19 = -44. Suppose -w + 4*v = -d, -5*w - 2*v + 278 = -15. What are the prime factors of w?
59
Let c(y) be the second derivative of 12*y**3 + y**2 + 2*y. What are the prime factors of c(1)?
2, 37
Let y(v) = v + 4. Let b be y(0). Suppose 62 = 5*r - b*r. What are the prime factors of r?
2, 31
Let c be ((-4)/(-10))/1*35. Let j = 17 - c. What are the prime factors of -10*j/(-18)*18?
2, 3, 5
Suppose 5*w + 4*c - 92 = -0*w, -4*w - 4*c + 72 = 0. Let b be 3*(w/6 + -3). List the prime factors of -2*b/2*-28.
2, 7
Let p be ((-3 - -14) + -4)*-4. L